{"id":765,"date":"2019-04-24T03:30:40","date_gmt":"2019-04-24T01:30:40","guid":{"rendered":"https:\/\/cap-epalinges.ch\/?post_type=tribe_venue&#038;p=765"},"modified":"2019-05-01T16:25:10","modified_gmt":"2019-05-01T14:25:10","slug":"centre-danimation","status":"publish","type":"tribe_venue","link":"https:\/\/cap-epalinges.ch\/lieu\/centre-danimation\/","title":{"rendered":"Centre d\u2019animation"},"content":{"rendered":"<h4>Le centre d\u2019animation<\/h4>\n<p>qui se trouve en contre-bas du four \u00e0 pain \u00e0 c\u00f4t\u00e9 du terrain de foot de la Croix-Blanche.<\/p>\n<p>Cet espace est d\u00e9di\u00e9 aux 12-17 ans, et accueille \u00e9galement les 9-11 ans pour le moment du repas les mercredis apr\u00e8s-midi.<\/p>\n<p>C\u2019est \u00e9galement dans cet espace que nous avons notre bureau.<\/p>\n","protected":false},"excerpt":{"rendered":"<p>Le centre d\u2019animation qui se trouve en contre-bas du four \u00e0 pain \u00e0 c\u00f4t\u00e9 du terrain de foot de la Croix-Blanche. Cet espace est d\u00e9di\u00e9 aux 12-17 ans, et accueille [&hellip;]<\/p>\n","protected":false},"author":140,"featured_media":0,"template":"","meta":{"_gkelmt_built_use_built":"","_gkelmt_built_old_content":"","_gkelmt_gb_content_width":"","footnotes":""},"class_list":["post-765","tribe_venue","type-tribe_venue","status-publish","hentry"],"seo_gk_head":"<!-- This site is optimized with the Yoast SEO plugin v27.5 - https:\/\/yoast.com\/product\/yoast-seo-wordpress\/ -->\n<title>Centre d\u2019animation &#062; CAP \u2013 Centre d\u2019animation socioculturelle Palinzard<\/title>\n<meta name=\"robots\" content=\"noindex, follow\" \/>\n<meta property=\"og:locale\" content=\"fr_FR\" \/>\n<meta property=\"og:type\" content=\"article\" \/>\n<meta property=\"og:title\" content=\"Centre d\u2019animation &#062; CAP \u2013 Centre d\u2019animation socioculturelle Palinzard\" \/>\n<meta property=\"og:description\" content=\"Le centre d\u2019animation qui se trouve en contre-bas du four \u00e0 pain \u00e0 c\u00f4t\u00e9 du terrain de foot de la Croix-Blanche. Cet espace est d\u00e9di\u00e9 aux 12-17 ans, et accueille [&hellip;]\" \/>\n<meta property=\"og:url\" content=\"https:\/\/cap-epalinges.ch\/lieu\/centre-danimation\/\" \/>\n<meta property=\"og:site_name\" content=\"CAP \u2013 Centre d\u2019animation socioculturelle Palinzard\" \/>\n<meta property=\"article:publisher\" content=\"https:\/\/www.facebook.com\/CAP.Epalinges\/\" \/>\n<meta property=\"article:modified_time\" content=\"2019-05-01T14:25:10+00:00\" \/>\n<meta property=\"og:image\" content=\"https:\/\/cap-epalinges.ch\/imagesgk\/2019\/06\/logo_CAP_HD.png\" \/>\n\t<meta property=\"og:image:width\" content=\"410\" \/>\n\t<meta property=\"og:image:height\" content=\"562\" \/>\n\t<meta property=\"og:image:type\" content=\"image\/png\" \/>\n<meta name=\"twitter:card\" content=\"summary_large_image\" \/>\n<script type=\"application\/ld+json\" class=\"seo_gk-schema-graph\">{\"@context\":\"https:\\\/\\\/schema.org\",\"@graph\":[{\"@type\":\"WebPage\",\"@id\":\"https:\\\/\\\/cap-epalinges.ch\\\/lieu\\\/centre-danimation\\\/\",\"url\":\"https:\\\/\\\/cap-epalinges.ch\\\/lieu\\\/centre-danimation\\\/\",\"name\":\"Centre d\u2019animation &#062; CAP \u2013 Centre d\u2019animation socioculturelle Palinzard\",\"isPartOf\":{\"@id\":\"https:\\\/\\\/cap-epalinges.ch\\\/#website\"},\"datePublished\":\"2019-04-24T01:30:40+00:00\",\"dateModified\":\"2019-05-01T14:25:10+00:00\",\"breadcrumb\":{\"@id\":\"https:\\\/\\\/cap-epalinges.ch\\\/lieu\\\/centre-danimation\\\/#breadcrumb\"},\"inLanguage\":\"fr-FR\",\"potentialAction\":[{\"@type\":\"ReadAction\",\"target\":[\"https:\\\/\\\/cap-epalinges.ch\\\/lieu\\\/centre-danimation\\\/\"]}]},{\"@type\":\"BreadcrumbList\",\"@id\":\"https:\\\/\\\/cap-epalinges.ch\\\/lieu\\\/centre-danimation\\\/#breadcrumb\",\"itemListElement\":[{\"@type\":\"ListItem\",\"position\":1,\"name\":\"Accueil\",\"item\":\"https:\\\/\\\/cap-epalinges.ch\\\/\"},{\"@type\":\"ListItem\",\"position\":2,\"name\":\"Centre d\u2019animation\"}]},{\"@type\":\"WebSite\",\"@id\":\"https:\\\/\\\/cap-epalinges.ch\\\/#website\",\"url\":\"https:\\\/\\\/cap-epalinges.ch\\\/\",\"name\":\"CAP \u2013 Centre d\u2019animation socioculturelle Palinzard\",\"description\":\"\",\"publisher\":{\"@id\":\"https:\\\/\\\/cap-epalinges.ch\\\/#organization\"},\"potentialAction\":[{\"@type\":\"SearchAction\",\"target\":{\"@type\":\"EntryPoint\",\"urlTemplate\":\"https:\\\/\\\/cap-epalinges.ch\\\/?s={search_term_string}\"},\"query-input\":{\"@type\":\"PropertyValueSpecification\",\"valueRequired\":true,\"valueName\":\"search_term_string\"}}],\"inLanguage\":\"fr-FR\"},{\"@type\":\"Organization\",\"@id\":\"https:\\\/\\\/cap-epalinges.ch\\\/#organization\",\"name\":\"CAP \u2013 Centre d\u2019animation socioculturelle Palinzard\",\"alternateName\":\"CAP \u00c9PALINGES\",\"url\":\"https:\\\/\\\/cap-epalinges.ch\\\/\",\"logo\":{\"@type\":\"ImageObject\",\"inLanguage\":\"fr-FR\",\"@id\":\"https:\\\/\\\/cap-epalinges.ch\\\/#\\\/schema\\\/logo\\\/image\\\/\",\"url\":\"https:\\\/\\\/cap-epalinges.ch\\\/contenusgk\\\/uploads\\\/2019\\\/06\\\/logo_CAP_favicon.png\",\"contentUrl\":\"https:\\\/\\\/cap-epalinges.ch\\\/contenusgk\\\/uploads\\\/2019\\\/06\\\/logo_CAP_favicon.png\",\"width\":512,\"height\":512,\"caption\":\"CAP \u2013 Centre d\u2019animation socioculturelle Palinzard\"},\"image\":{\"@id\":\"https:\\\/\\\/cap-epalinges.ch\\\/#\\\/schema\\\/logo\\\/image\\\/\"},\"sameAs\":[\"https:\\\/\\\/www.facebook.com\\\/CAP.Epalinges\\\/\",\"https:\\\/\\\/www.youtube.com\\\/@cap-epalinges\"]}]}<\/script>\n<!-- \/ Yoast SEO plugin. -->","seo_gk_head_json":{"title":"Centre d\u2019animation &#062; CAP \u2013 Centre d\u2019animation socioculturelle Palinzard","robots":{"index":"noindex","follow":"follow"},"og_locale":"fr_FR","og_type":"article","og_title":"Centre d\u2019animation &#062; CAP \u2013 Centre d\u2019animation socioculturelle Palinzard","og_description":"Le centre d\u2019animation qui se trouve en contre-bas du four \u00e0 pain \u00e0 c\u00f4t\u00e9 du terrain de foot de la Croix-Blanche. Cet espace est d\u00e9di\u00e9 aux 12-17 ans, et accueille [&hellip;]","og_url":"https:\/\/cap-epalinges.ch\/lieu\/centre-danimation\/","og_site_name":"CAP \u2013 Centre d\u2019animation socioculturelle Palinzard","article_publisher":"https:\/\/www.facebook.com\/CAP.Epalinges\/","article_modified_time":"2019-05-01T14:25:10+00:00","og_image":[{"width":410,"height":562,"url":"https:\/\/cap-epalinges.ch\/imagesgk\/2019\/06\/logo_CAP_HD.png","type":"image\/png"}],"twitter_card":"summary_large_image","schema":{"@context":"https:\/\/schema.org","@graph":[{"@type":"WebPage","@id":"https:\/\/cap-epalinges.ch\/lieu\/centre-danimation\/","url":"https:\/\/cap-epalinges.ch\/lieu\/centre-danimation\/","name":"Centre d\u2019animation &#062; CAP \u2013 Centre d\u2019animation socioculturelle Palinzard","isPartOf":{"@id":"https:\/\/cap-epalinges.ch\/#website"},"datePublished":"2019-04-24T01:30:40+00:00","dateModified":"2019-05-01T14:25:10+00:00","breadcrumb":{"@id":"https:\/\/cap-epalinges.ch\/lieu\/centre-danimation\/#breadcrumb"},"inLanguage":"fr-FR","potentialAction":[{"@type":"ReadAction","target":["https:\/\/cap-epalinges.ch\/lieu\/centre-danimation\/"]}]},{"@type":"BreadcrumbList","@id":"https:\/\/cap-epalinges.ch\/lieu\/centre-danimation\/#breadcrumb","itemListElement":[{"@type":"ListItem","position":1,"name":"Accueil","item":"https:\/\/cap-epalinges.ch\/"},{"@type":"ListItem","position":2,"name":"Centre d\u2019animation"}]},{"@type":"WebSite","@id":"https:\/\/cap-epalinges.ch\/#website","url":"https:\/\/cap-epalinges.ch\/","name":"CAP \u2013 Centre d\u2019animation socioculturelle Palinzard","description":"","publisher":{"@id":"https:\/\/cap-epalinges.ch\/#organization"},"potentialAction":[{"@type":"SearchAction","target":{"@type":"EntryPoint","urlTemplate":"https:\/\/cap-epalinges.ch\/?s={search_term_string}"},"query-input":{"@type":"PropertyValueSpecification","valueRequired":true,"valueName":"search_term_string"}}],"inLanguage":"fr-FR"},{"@type":"Organization","@id":"https:\/\/cap-epalinges.ch\/#organization","name":"CAP \u2013 Centre d\u2019animation socioculturelle Palinzard","alternateName":"CAP \u00c9PALINGES","url":"https:\/\/cap-epalinges.ch\/","logo":{"@type":"ImageObject","inLanguage":"fr-FR","@id":"https:\/\/cap-epalinges.ch\/#\/schema\/logo\/image\/","url":"https:\/\/cap-epalinges.ch\/imagesgk\/2019\/06\/logo_CAP_favicon.png","contentUrl":"https:\/\/cap-epalinges.ch\/imagesgk\/2019\/06\/logo_CAP_favicon.png","width":512,"height":512,"caption":"CAP \u2013 Centre d\u2019animation socioculturelle Palinzard"},"image":{"@id":"https:\/\/cap-epalinges.ch\/#\/schema\/logo\/image\/"},"sameAs":["https:\/\/www.facebook.com\/CAP.Epalinges\/","https:\/\/www.youtube.com\/@cap-epalinges"]}]}},"_links":{"self":[{"href":"https:\/\/cap-epalinges.ch\/api-json-gk\/wp\/v2\/tribe_venue\/765","targetHints":{"allow":["GET"]}}],"collection":[{"href":"https:\/\/cap-epalinges.ch\/api-json-gk\/wp\/v2\/tribe_venue"}],"about":[{"href":"https:\/\/cap-epalinges.ch\/api-json-gk\/wp\/v2\/types\/tribe_venue"}],"author":[{"embeddable":true,"href":"https:\/\/cap-epalinges.ch\/api-json-gk\/wp\/v2\/users\/140"}],"version-history":[{"count":0,"href":"https:\/\/cap-epalinges.ch\/api-json-gk\/wp\/v2\/tribe_venue\/765\/revisions"}],"wp:attachment":[{"href":"https:\/\/cap-epalinges.ch\/api-json-gk\/wp\/v2\/media?parent=765"}],"curies":[{"name":"wp","href":"https:\/\/api.w.org\/{rel}","templated":true}]}}

<h4>Le centre d’animation</h4>
<p>qui se trouve en contre-bas du four à pain à côté du terrain de foot de la Croix-Blanche.</p>
<p>Cet espace est dédié aux 12-17 ans, et accueille également les 9-11 ans pour le moment du repas les mercredis après-midi.</p>
<p>C’est également dans cet espace que nous avons notre bureau.</p>

<p>Le centre d’animation qui se trouve en contre-bas du four à pain à côté du terrain de foot de la Croix-Blanche. Cet espace est dédié aux 12-17 ans, et accueille [&hellip;]</p>

<!-- This site is optimized with the Yoast SEO plugin v27.5 - https://yoast.com/product/yoast-seo-wordpress/ -->
<title>Centre d’animation &#062; CAP – Centre d’animation socioculturelle Palinzard</title>
<meta name="robots" content="noindex, follow" />
<meta property="og:locale" content="fr_FR" />
<meta property="og:type" content="article" />
<meta property="og:title" content="Centre d’animation &#062; CAP – Centre d’animation socioculturelle Palinzard" />
<meta property="og:description" content="Le centre d’animation qui se trouve en contre-bas du four à pain à côté du terrain de foot de la Croix-Blanche. Cet espace est dédié aux 12-17 ans, et accueille [&hellip;]" />
<meta property="og:url" content="https://cap-epalinges.ch/lieu/centre-danimation/" />
<meta property="og:site_name" content="CAP – Centre d’animation socioculturelle Palinzard" />
<meta property="article:publisher" content="https://www.facebook.com/CAP.Epalinges/" />
<meta property="article:modified_time" content="2019-05-01T14:25:10+00:00" />
<meta property="og:image" content="https://cap-epalinges.ch/imagesgk/2019/06/logo_CAP_HD.png" />
	<meta property="og:image:width" content="410" />
	<meta property="og:image:height" content="562" />
	<meta property="og:image:type" content="image/png" />
<meta name="twitter:card" content="summary_large_image" />
<script type="application/ld+json" class="seo_gk-schema-graph">{"@context":"https:\/\/schema.org","@graph":[{"@type":"WebPage","@id":"https:\/\/cap-epalinges.ch\/lieu\/centre-danimation\/","url":"https:\/\/cap-epalinges.ch\/lieu\/centre-danimation\/","name":"Centre d’animation &#062; CAP – Centre d’animation socioculturelle Palinzard","isPartOf":{"@id":"https:\/\/cap-epalinges.ch\/#website"},"datePublished":"2019-04-24T01:30:40+00:00","dateModified":"2019-05-01T14:25:10+00:00","breadcrumb":{"@id":"https:\/\/cap-epalinges.ch\/lieu\/centre-danimation\/#breadcrumb"},"inLanguage":"fr-FR","potentialAction":[{"@type":"ReadAction","target":["https:\/\/cap-epalinges.ch\/lieu\/centre-danimation\/"]}]},{"@type":"BreadcrumbList","@id":"https:\/\/cap-epalinges.ch\/lieu\/centre-danimation\/#breadcrumb","itemListElement":[{"@type":"ListItem","position":1,"name":"Accueil","item":"https:\/\/cap-epalinges.ch\/"},{"@type":"ListItem","position":2,"name":"Centre d’animation"}]},{"@type":"WebSite","@id":"https:\/\/cap-epalinges.ch\/#website","url":"https:\/\/cap-epalinges.ch\/","name":"CAP – Centre d’animation socioculturelle Palinzard","description":"","publisher":{"@id":"https:\/\/cap-epalinges.ch\/#organization"},"potentialAction":[{"@type":"SearchAction","target":{"@type":"EntryPoint","urlTemplate":"https:\/\/cap-epalinges.ch\/?s={search_term_string}"},"query-input":{"@type":"PropertyValueSpecification","valueRequired":true,"valueName":"search_term_string"}}],"inLanguage":"fr-FR"},{"@type":"Organization","@id":"https:\/\/cap-epalinges.ch\/#organization","name":"CAP – Centre d’animation socioculturelle Palinzard","alternateName":"CAP ÉPALINGES","url":"https:\/\/cap-epalinges.ch\/","logo":{"@type":"ImageObject","inLanguage":"fr-FR","@id":"https:\/\/cap-epalinges.ch\/#\/schema\/logo\/image\/","url":"https:\/\/cap-epalinges.ch\/contenusgk\/uploads\/2019\/06\/logo_CAP_favicon.png","contentUrl":"https:\/\/cap-epalinges.ch\/contenusgk\/uploads\/2019\/06\/logo_CAP_favicon.png","width":512,"height":512,"caption":"CAP – Centre d’animation socioculturelle Palinzard"},"image":{"@id":"https:\/\/cap-epalinges.ch\/#\/schema\/logo\/image\/"},"sameAs":["https:\/\/www.facebook.com\/CAP.Epalinges\/","https:\/\/www.youtube.com\/@cap-epalinges"]}]}</script>
<!-- / Yoast SEO plugin. -->

Le centre d’animation qui se trouve en contre-bas du four à pain à côté du terrain de foot de la Croix-Blanche. Cet espace est dédié aux 12-17 ans, et accueille [&hellip;]

CAP ÉPALINGES
